 7. Give u(a).
-3
Let x = 317 + -315. Let r(m) = x - 3 - 4*m - 7 + 6 + 9. What is r(-6)?
31
Let g(d) be the second derivative of d**4/12 + 10*d**3/3 + 5*d**2/2 - 440*d + 1. Give g(-20).
5
Suppose 33*x - 13*x + 6760 = 0. Let o = -328 - x. Let q(s) = 3*s - 4. What is q(o)?
26
Let u(d) be the second derivative of d**5/20 - 3*d**4/4 + d**3/6 - 7*d**2 + 6*d - 342. Calculate u(8).
-70
Let r(x) = 21*x + 41. Let d(g) = 26*g + 60. Let p(l) = 3*d(l) - 4*r(l). Calculate p(9).
-38
Let b(c) = 495 - 10*c - 247 + 5*c**2 - 244. Let k(m) = -12*m**2 + 18*m - 6. Let q(a) = 5*b(a) + 2*k(a). Give q(13).
-5
Suppose 0 = -b - 62 - 15. Let n = b + 78. Let r(s) be the second derivative of 4*s**3/3 - s**2/2 + 7*s. Determine r(n).
7
Let r(v) = 17*v**3 + 26*v**2 + 15*v + 12. Let h(y) = 22*y**3 + 35*y**2 + 20*y + 17. Let t(k) = 7*h(k) - 9*r(k). Determine t(-10).
61
Let m(y) = 64*y + 7418. Let z be m(-116). Let c(k) = -2*k**2 - 5*k + 26. Determine c(z).
-16
Let y(p) = 222*p + 6015. Let g be y(-27). Let t(c) = c**2 - 20*c - 15. Give t(g).
6
Let h(p) be the first derivative of -p**3/3 - p**2 + 1. Suppose 18*f + 1892 + 12472 = 0. Let a be ((-1995)/f)/((-1)/2*1). What is h(a)?
-15
Let v = -18 + 18. Suppose v = 2*y + 3*y + 155. Let c = 26 + y. Let z(b) = -b - 6. Determine z(c).
-1
Suppose 5*j + 5*f - 25 = -5, 0 = 3*j + f - 8. Let t(q) = 25*q**2 + 11*q - 30*q**j + 4*q**2 - q - 9. What is t(9)?
0
Let z(p) = p - 9. Let m(f) = -4*f**3 - 2*f**2 - 2*f - 4. Suppose c = 5*j + 9, -2*j - 4*c + 1 - 9 = 0. Let k be m(j). Let h = 33 - k. What is z(h)?
0
Let s(l) = l**2 + 38*l + 132. Suppose -6260 = 30*y - 5240. What is s(y)?
-4
Let p(d) be the third derivative of -d**6/120 - d**5/30 + 3*d**4/8 - d**3 - 500*d**2. Give p(-5).
24
Suppose 0 = 36*q + 946*q + 449*q - 12879. Let t(c) = 2*c - 2*c - 15 + c. Give t(q).
-6
Let v be 8*((-155)/10)/31. Let n(d) = -d**2 - 4*d - 8. Calculate n(v).
-8
Suppose 3*b - 4 = -2*k, -5*k - 8*b + 52 = -11*b. Let j(o) = -o**3 + 7*o**2 + 3*o + 18. Determine j(k).
-22
Let c(h) = -h**3 - 39*h**2 + 5*h + 191. Let q be 247 + -241 + -6*(-15)/(-2). Determine c(q).
-4
Let y(k) be the second derivative of k**4/12 + 22*k**3/3 + 61*k**2 - 4*k - 1. Let m be y(-41). Let t(i) = 3*i**3 - 2*i**2 - i - 1. What is t(m)?
-5
Let a be (3*1)/((-135)/(-90)). Let z(v) = -3*v**a + 9*v**2 + 7*v + 0 - v**3 - v - 3*v - 13. Give z(6).
5
Let s(l) = 1 + l - 28 + 2*l. Let q be (4/(-25)*10)/(2/(-10)). Let d be s(q). Let i(n) = -n**2 - 3*n + 3. What is i(d)?
3
Let g(t) = 11. Let u(s) = s - 1. Let h(k) = g(k) + 2*u(k). Let f be (310 - -1)*3/((-6)/(-2)). Let a = -317 + f. What is h(a)?
-3
Let l be 3/((-4 - 63/(-15)) + 0). Let k(s) be the first derivative of -s**3/3 + 7*s**2 + 17*s - 1413. Determine k(l).
2
Suppose -85*x + 24*x = -244. Let n(b) = b**3 - 4*b**2 - 7*b + 15. Determine n(x).
-13
Let h be (8/6)/((-1)/(-3)). Let k(q) = 9*q**2 - 205*q - 74. Let n(b) = -11*b**2 + 254*b + 92. Let g(p) = -5*k(p) - 4*n(p). What is g(h)?
22
Let x(n) be the third derivative of -47*n**5/60 - n**4/24 - 12*n**2 - 16. Calculate x(-1).
-46
Let r be (-6)/(-4)*(155/(-150) + 75/(-250)). Let t(g) be the third derivative of g**5/30 + g**3/6 + 7*g**2. What is t(r)?
9
Let w(r) = 5*r**3 + 3*r**2 + 19*r + 19. Let q(p) = -63*p**3 - 37*p**2 - 229*p - 229. Let m(v) = -2*q(v) - 25*w(v). Determine m(5).
-2
Let g(i) be the second derivative of i**6/120 + i**5/12 + i**4/6 + 2*i**3/3 - 12*i**2 - i - 65. Let c(a) be the first derivative of g(a). Determine c(-4).
4
Let d(f) = -28*f - 5 - 19 + 27*f + 29 - 6. Let y(p) = -p**3 - 6*p**2 - 5*p - 4. Suppose 4*g + 20 = -0*g. Let j be y(g). Calculate d(j).
3
Let v(j) = -j**3 + 33*j**2 + 70*j. Suppose 0 = -r - 3*o + 38, -5*o = 1 - 6. Determine v(r).
0
Let r(k) = k**2 + 224*k - 2596. Let f be r(11). Let g(x) = -13*x - 15. Give g(f).
128
Let p(t) = t + 2. Let y = 201 - 197. Let r(i) = 2*i + 12. Let d(u) = y*p(u) - r(u). Give d(2).
0
Let l(k) = k**3 - 5*k**2 - 2. Let s be l(5). Let c(v) = -45*v**2 + 447*v - 161. Let q(o) = 7*o**2 - 70*o + 25. Let p(x) = -5*c(x) - 32*q(x). What is p(s)?
-1
Let p(f) = 12*f + 1. Let r(i) = -19*i - 1. Let k(b) = -b**3 - 4*b**2 + 4*b + 11. Let j be k(-4). Let q(d) = j*r(d) - 8*p(d). Give q(-7).
4
Let v(o) = o**2 + 8*o + 6. Let z(j) = -2*j**2 - 13*j - 15. Let c be z(-13). Let r = c + 178. What is v(r)?
-6
Let z = 563 + -560. Let t(u) = -1 + 0*u + u + 0*u. What is t(z)?
2
Let h(p) = 53*p - 8. Let v(u) = 115*u - 18. Let o(g) = 13*h(g) - 6*v(g). Let w(s) = s**2 - 3*s + 1. Let z be w(4). What is o(z)?
-1
Let j(r) = 21*r - 63*r + 21*r + 5 + 20*r. Suppose -72*g + 54*g - 108 = 0. Calculate j(g).
11
Let d(f) = f**2 + 8*f + 8. Let w(l) = -21*l**2. Let t be w(-1). Let o = -21 - -24. Let q be (18/t)/(o/21). Determine d(q).
-4
Let j(b) = -13 + 13*b - 4*b**2 - 5*b**2 + 24 + 10 + 12 - b**3. Determine j(-10).
3
Suppose 14*s = 34*s - 140. Let o(m) = 9*m**2 + 29 + s - 12*m**2 + 4*m**2. What is o(0)?
36
Suppose 0 = 2960*l - 2932*l + 728. Let y(w) = w**2 + 24*w - 51. Calculate y(l).
1
Suppose 0 = -2*l - 7 + 1. Let k(x) = 3*x + 20. Let q(d) = -3. Let h(c) = k(c) + 6*q(c). Calculate h(l).
-7
Let c(v) = 4*v**2 + 37*v - 134. Suppose -169*f = n - 170*f + 13, -3*n = 9*f + 27. What is c(n)?
-2
Let y(p) = 9*p**3 + 17*p - 1. Let b(r) = 3*r**3 + 5*r. Let l(m) = 7*b(m) - 2*y(m). Give l(-2).
-24
Let q(t) = 2*t**3 - 14*t**2 + 8*t + 5. Suppose 35 = -55*o + 365. Determine q(o).
-19
Suppose -16*t + 101 = -63*t - 134. Let m(a) = -a**3 - 2*a**2 - 7*a. Calculate m(t).
110
Let d(z) = 16*z + 520. Let p be d(-33). Let c(f) = 50*f + 404. Determine c(p).
4
Let q(v) = 1 + 5*v + v**3 - 2*v - 5*v**2 + 0*v. Let u(r) = r**3 - 43*r**2 - 78*r + 137. Let y be u(45). Let j = -673 + y. Determine q(j).
-3
Let u(o) = o**3 + 14*o**2 - 4*o + 3. Let m(s) = -2*s**2 - 3*s + 51. Let p be m(5). Give u(p).
59
Let z(d) be the second derivative of d**4/12 + d**3/6 - d**2/2 - 3*d. Let q be z(1). Let r(g) = 85223 - g - 85223 - 10*g**2 + 29*g**2. Calculate r(q).
18
Let g(v) = -8*v + 4. Let t(q) = -8*q + 3. Let r(d) = -4*g(d) + 5*t(d). Suppose -1312 = -5*c + h, 2*c - 4*h + 1040 = 6*c. Let n = c + -261. Determine r(n).
-9
Suppose 0 = -m + 3*m - 4. Let s(n) = 1 + m + 0*n + 3*n. Let f be (9/45)/(-1 + (-63)/(-70)). Give s(f).
-3
Let u = 13730 - 13724. Let g(j) = 12*j**2 - 71*j - 1. Give g(u).
5
Let z(n) be the first derivative of n - 70 - 2*n - 4*n + n**2 - 28. What is z(-5)?
-15
Let o(k) = -k**3 + 5*k**2 - 1. Let u(z) = -5*z**3 - 24*z**2 - 2*z + 6. Let d(y) = 5*o(y) + u(y). Let m be 1 - 1/2*0. Determine d(m).
-10
Let m = -3304 + 3313. Let n(q) = 5*q**3 - 4*q**2 - 7*q + 8. Let c(w) = -w**3 - w**2. Let v(l) = -4*c(l) - n(l). Determine v(m).
-26
Let k(z) = z**2 - 3*z - 9. Let a be k(-4). Let x(y) = y**3 - 18*y**2 - 19*y + 2. Let c be x(a). Let t(f) = -f + f**c - 34 + 34. Give t(-2).
6
Let m = 105 + -91. Suppose 3*o - a + m = 0, 4*o + a + 24 = 5*a. Let n(l) = 2*l + 3. Determine n(o).
-5
Suppose -18*a - 28 = 5*p - 22*a, 0 = -5*a + 35. Let g(y) be the second derivative of p + 1/12*y**4 - 6*y**2 - 1/6*y**3 - 34*y. Determine g(0).
-12
Let v(p) = 4*p**2 + 57*p + 17. Let d(j) = -4*j**2 - 47*j - 14. Let z(u) = 6*d(u) + 5*v(u). Give z(2).
-9
Let h(n) = 10*n**2 - 4*n + 3. Let t(r) = 5*r**2 - 2*r + 2. Let w(d) = 4*h(d) - 9*t(d). Let i(y) = 2*y**2 + y + 2. Let p(u) = 3*i(u) + w(u). What is p(-7)?
14
Let u(i) = -i**2 + 73. Suppose -317*q + w + 21 = -319*q, 18 = -q - 2*w. What is u(q)?
9
Let t(a) = -2*a**2 - 8*a + 5. Let o(d) = 3*d**2 + 16*d - 10. Let z(w) = 3*o(w) + 5*t(w). Let c be 2 + (-4 - -4) - -2. Give z(c).
11
Let z(b) = 0*b + 47*b**2 + 40*b**2 - 27 - 88*b**2 - 11*b - 3*b. Calculate z(-11).
6
Let s(n) = -n**2 + 31*n + 18. Let x = -13415 + 13447. Give s(x).
-14
Suppose -28*p + 3893 = 3949. Let d(o) = -o**3 - 3*o**2 - o - 2. Give d(p).
-4
Let q(k) = 2*k + 8. Let l be 32/16 + (-2 + -65)*-1. Suppose -5*x = l - 44. Determine q(x).
-2
Let a(v) = 7*v**3 + 14*v**2 + 4*v + 15. Let k(z) = 15*z**3 + 29*z**2 + 7*z + 31. Let r = 434 - 421. Let d(i) = r*a(i) - 6*k(i). Give d(-6).
21
Let c(d) = -2*d**2 + 3*d - 1. Let v(b) = -164 + 330 - 165 + b**2. Let a(g) = 2*c(g) + 2*v(g). Give a(4).
-8
Suppose 0 = c + 2 - 7, 0 = -2*t + 4*c - 14. Let q(z) = -4*z**2 + 7*z + 17. Let h(m) = -m**2 + 3. Let l(k) = t*h(k) - q(k). What is l(9)?
10
Let b be (145/60 - 2) + 0. Let p(n) be